{"id":165,"date":"2018-08-30T16:48:31","date_gmt":"2018-08-30T14:48:31","guid":{"rendered":"https:\/\/bycloud.fr\/solutions\/?page_id=165"},"modified":"2023-02-05T11:22:52","modified_gmt":"2023-02-05T10:22:52","slug":"synchronisez-votre-carnet-dadresses","status":"publish","type":"page","link":"https:\/\/bycloud.fr\/solutions\/synchronisez-votre-carnet-dadresses\/","title":{"rendered":"Synchronisez vos contacts"},"content":{"rendered":"<h1>Synchronisez vos contacts avec bYcloud.fr<\/h1>\n<p>Je pr\u00e9sente ici comment synchroniser depuis Nextcloud <a href=\"https:\/\/bycloud.fr\/partage\">https:\/\/bycloud.fr\/partage<\/a> . <strong>Synchronisez<\/strong> votre agent entre vos outils informatiques (<strong>PC Linux, Apple, Windows, Tablettes<\/strong> ainsi que vos <strong>T\u00e9l\u00e9phone<\/strong>) et votre Cloud.<\/p>\n<p>Tutoriel en cours de r\u00e9alisation, merci de votre compr\u00e9hension.<\/p>\n<h2>Sur iPhone<\/h2>\n<p>Depuis votre ic\u00f4ne de \u00ab R\u00e9glages \u00bb aller sur <strong>Mail &gt; Comptes &gt; Ajouter un compte<\/strong>, l\u00e0 il faut choisir \u00ab <strong>Autre<\/strong> \u00bb\u00a0\u00a0 vous devez avoir quelque chose qui ressemble \u00e0 ceci :<\/p>\n<p>&nbsp;<\/p>\n<p><img loading=\"lazy\" decoding=\"async\" class=\"aligncenter size-large wp-image-2078\" src=\"https:\/\/bycloud.fr\/solutions\/wp-content\/uploads\/2023\/02\/signal-2023-02-05-100733_006-576x1024.png\" alt=\"\" width=\"576\" height=\"1024\" srcset=\"https:\/\/bycloud.fr\/solutions\/wp-content\/uploads\/2023\/02\/signal-2023-02-05-100733_006-576x1024.png 576w, https:\/\/bycloud.fr\/solutions\/wp-content\/uploads\/2023\/02\/signal-2023-02-05-100733_006-169x300.png 169w, https:\/\/bycloud.fr\/solutions\/wp-content\/uploads\/2023\/02\/signal-2023-02-05-100733_006.png 750w\" sizes=\"auto, (max-width: 599px) calc(100vw - 50px), (max-width: 767px) calc(100vw - 70px), (max-width: 991px) 429px, (max-width: 1199px) 637px, 354px\" \/><\/p>\n<p>&nbsp;<\/p>\n<p>A ce stade de la configuration de votre t\u00e9l\u00e9phone (ne croyez pas qu&rsquo;il soit smart, Orwell qualifierait cela par de la novlangue) depuis CONTACTS &gt; <strong>Ajouter un compte CardDAV<\/strong><\/p>\n<p>&nbsp;<\/p>\n<p><img loading=\"lazy\" decoding=\"async\" class=\"aligncenter size-large wp-image-2070\" src=\"https:\/\/bycloud.fr\/solutions\/wp-content\/uploads\/2023\/02\/iPhone_ajouter-un-CardDAV_01-576x1024.png\" alt=\"\" width=\"576\" height=\"1024\" srcset=\"https:\/\/bycloud.fr\/solutions\/wp-content\/uploads\/2023\/02\/iPhone_ajouter-un-CardDAV_01-576x1024.png 576w, https:\/\/bycloud.fr\/solutions\/wp-content\/uploads\/2023\/02\/iPhone_ajouter-un-CardDAV_01-169x300.png 169w, https:\/\/bycloud.fr\/solutions\/wp-content\/uploads\/2023\/02\/iPhone_ajouter-un-CardDAV_01.png 750w\" sizes=\"auto, (max-width: 599px) calc(100vw - 50px), (max-width: 767px) calc(100vw - 70px), (max-width: 991px) 429px, (max-width: 1199px) 637px, 354px\" \/><\/p>\n<p>&nbsp;<\/p>\n<p>et l\u00e0 s&rsquo;affiche enfin la page de configuration de nos contacts h\u00e9berg\u00e9 sur un serveur <a href=\"https:\/\/nextcloud.com\/\" target=\"_blank\" rel=\"noopener\">Nextcloud<\/a>.<\/p>\n<p>&nbsp;<\/p>\n<p><img loading=\"lazy\" decoding=\"async\" class=\"aligncenter size-large wp-image-2072\" src=\"https:\/\/bycloud.fr\/solutions\/wp-content\/uploads\/2023\/02\/iPhone_ajouter-un-CardDAV_02.-576x1024.png\" alt=\"\" width=\"576\" height=\"1024\" srcset=\"https:\/\/bycloud.fr\/solutions\/wp-content\/uploads\/2023\/02\/iPhone_ajouter-un-CardDAV_02.-576x1024.png 576w, https:\/\/bycloud.fr\/solutions\/wp-content\/uploads\/2023\/02\/iPhone_ajouter-un-CardDAV_02.-169x300.png 169w, https:\/\/bycloud.fr\/solutions\/wp-content\/uploads\/2023\/02\/iPhone_ajouter-un-CardDAV_02..png 750w\" sizes=\"auto, (max-width: 599px) calc(100vw - 50px), (max-width: 767px) calc(100vw - 70px), (max-width: 991px) 429px, (max-width: 1199px) 637px, 354px\" \/><\/p>\n<p>&nbsp;<\/p>\n<p><strong>Serveur<\/strong> : l&rsquo;adresse du serveur Nexcloud auquel vous avez souscrit<\/p>\n<p>de type https:\/\/domain.tld si vous \u00eates chez bYcloud <span style=\"color: #008000;\">https:\/\/bycloud.fr\/partage\/remote.php\/dav\/addressbooks\/users\/VOTRE-PSEUDO\/contact\/<\/span><\/p>\n<p><strong>Nom d&rsquo;utilisateur<\/strong> : c&rsquo;est votre pseudo qui vous avez cr\u00e9\u00e9 avec votre service informatique<\/p>\n<p><strong>Mot de passe<\/strong> : entrer le password que vous devez \u00eatre la seule personne \u00e0 poss\u00e9der<\/p>\n<p><strong>Description<\/strong> : une information qui vous parle, au cas ou vous auriez plusieurs carnets d&rsquo;adresses ie : professionnel, associatif, personnel, etc<\/p>\n<p>Note importante : r\u00e9cup\u00e9rer votre lien de connexion depuis votre Nextcloud cf. la capture d&rsquo;\u00e9cran ci-apr\u00e8s :<\/p>\n<p>&nbsp;<\/p>\n<p><img loading=\"lazy\" decoding=\"async\" class=\"aligncenter size-large wp-image-2075\" src=\"https:\/\/bycloud.fr\/solutions\/wp-content\/uploads\/2023\/02\/Nextcloud_Carnet-d-adresse_Lien-pour-CardDAV-1024x675.png\" alt=\"\" width=\"840\" height=\"554\" srcset=\"https:\/\/bycloud.fr\/solutions\/wp-content\/uploads\/2023\/02\/Nextcloud_Carnet-d-adresse_Lien-pour-CardDAV-1024x675.png 1024w, https:\/\/bycloud.fr\/solutions\/wp-content\/uploads\/2023\/02\/Nextcloud_Carnet-d-adresse_Lien-pour-CardDAV-300x198.png 300w, https:\/\/bycloud.fr\/solutions\/wp-content\/uploads\/2023\/02\/Nextcloud_Carnet-d-adresse_Lien-pour-CardDAV-768x506.png 768w, https:\/\/bycloud.fr\/solutions\/wp-content\/uploads\/2023\/02\/Nextcloud_Carnet-d-adresse_Lien-pour-CardDAV.png 1461w\" sizes=\"auto, (max-width: 599px) calc(100vw - 50px), (max-width: 767px) calc(100vw - 70px), (max-width: 991px) 429px, (max-width: 1199px) 637px, 354px\" \/><\/p>\n<p>Au bout de votre carnet d&rsquo;adresse, cliquer sur les \u00ab\u00a0&#8230;\u00a0\u00bb puis Copier le lien<\/p>\n<p>C&rsquo;est ce lien (adresse URL) qu&rsquo;il faudra mettre dans le champ <strong>Serveur<\/strong><\/p>\n<p>&nbsp;<\/p>\n","protected":false},"excerpt":{"rendered":"<p>Synchronisez vos contacts avec bYcloud.fr Je pr\u00e9sente ici comment synchroniser depuis Nextcloud https:\/\/bycloud.fr\/partage . Synchronisez votre agent entre vos outils informatiques (PC Linux, Apple, Windows, Tablettes ainsi que vos T\u00e9l\u00e9phone) et votre Cloud. Tutoriel en cours de r\u00e9alisation, merci de votre compr\u00e9hension. Sur iPhone Depuis votre ic\u00f4ne de \u00ab R\u00e9glages \u00bb aller sur Mail &gt; &#8230;<\/p>\n<a href=\"https:\/\/bycloud.fr\/solutions\/synchronisez-votre-carnet-dadresses\/\" class=\"read-more-link\">Continue reading <span class=\"screen-reader-text\">\"Synchronisez vos contacts\"<\/span> <span class=\"meta-nav\">&rarr;<\/span><\/a>","protected":false},"author":1,"featured_media":0,"parent":0,"menu_order":0,"comment_status":"closed","ping_status":"closed","template":"","meta":{"footnotes":""},"class_list":["post-165","page","type-page","status-publish","hentry","penguin-post","penguin-post-not-sticky"],"yoast_head":"<!-- This site is optimized with the Yoast SEO plugin v27.4 - https:\/\/yoast.com\/product\/yoast-seo-wordpress\/ -->\n<title>Synchronisez vos contacts - bYcloud.fr<\/title>\n<meta name=\"robots\" content=\"index, follow, max-snippet:-1, max-image-preview:large, max-video-preview:-1\" \/>\n<link rel=\"canonical\" href=\"https:\/\/bycloud.fr\/solutions\/synchronisez-votre-carnet-dadresses\/\" \/>\n<meta property=\"og:locale\" content=\"fr_FR\" \/>\n<meta property=\"og:type\" content=\"article\" \/>\n<meta property=\"og:title\" content=\"Synchronisez vos contacts - bYcloud.fr\" \/>\n<meta property=\"og:description\" content=\"Synchronisez vos contacts avec bYcloud.fr Je pr\u00e9sente ici comment synchroniser depuis Nextcloud https:\/\/bycloud.fr\/partage . Synchronisez votre agent entre vos outils informatiques (PC Linux, Apple, Windows, Tablettes ainsi que vos T\u00e9l\u00e9phone) et votre Cloud. Tutoriel en cours de r\u00e9alisation, merci de votre compr\u00e9hension. Sur iPhone Depuis votre ic\u00f4ne de \u00ab R\u00e9glages \u00bb aller sur Mail &gt; ...\" \/>\n<meta property=\"og:url\" content=\"https:\/\/bycloud.fr\/solutions\/synchronisez-votre-carnet-dadresses\/\" \/>\n<meta property=\"og:site_name\" content=\"bYcloud.fr\" \/>\n<meta property=\"article:modified_time\" content=\"2023-02-05T10:22:52+00:00\" \/>\n<meta property=\"og:image\" content=\"https:\/\/bycloud.fr\/solutions\/wp-content\/uploads\/2023\/02\/signal-2023-02-05-100733_006-576x1024.png\" \/>\n<meta name=\"twitter:card\" content=\"summary_large_image\" \/>\n<meta name=\"twitter:label1\" content=\"Dur\u00e9e de lecture estim\u00e9e\" \/>\n\t<meta name=\"twitter:data1\" content=\"2 minutes\" \/>\n<script type=\"application\/ld+json\" class=\"yoast-schema-graph\">{\"@context\":\"https:\\\/\\\/schema.org\",\"@graph\":[{\"@type\":\"WebPage\",\"@id\":\"https:\\\/\\\/bycloud.fr\\\/solutions\\\/synchronisez-votre-carnet-dadresses\\\/\",\"url\":\"https:\\\/\\\/bycloud.fr\\\/solutions\\\/synchronisez-votre-carnet-dadresses\\\/\",\"name\":\"Synchronisez vos contacts - bYcloud.fr\",\"isPartOf\":{\"@id\":\"https:\\\/\\\/bycloud.fr\\\/solutions\\\/#website\"},\"primaryImageOfPage\":{\"@id\":\"https:\\\/\\\/bycloud.fr\\\/solutions\\\/synchronisez-votre-carnet-dadresses\\\/#primaryimage\"},\"image\":{\"@id\":\"https:\\\/\\\/bycloud.fr\\\/solutions\\\/synchronisez-votre-carnet-dadresses\\\/#primaryimage\"},\"thumbnailUrl\":\"https:\\\/\\\/bycloud.fr\\\/solutions\\\/wp-content\\\/uploads\\\/2023\\\/02\\\/signal-2023-02-05-100733_006-576x1024.png\",\"datePublished\":\"2018-08-30T14:48:31+00:00\",\"dateModified\":\"2023-02-05T10:22:52+00:00\",\"breadcrumb\":{\"@id\":\"https:\\\/\\\/bycloud.fr\\\/solutions\\\/synchronisez-votre-carnet-dadresses\\\/#breadcrumb\"},\"inLanguage\":\"fr-FR\",\"potentialAction\":[{\"@type\":\"ReadAction\",\"target\":[\"https:\\\/\\\/bycloud.fr\\\/solutions\\\/synchronisez-votre-carnet-dadresses\\\/\"]}]},{\"@type\":\"ImageObject\",\"inLanguage\":\"fr-FR\",\"@id\":\"https:\\\/\\\/bycloud.fr\\\/solutions\\\/synchronisez-votre-carnet-dadresses\\\/#primaryimage\",\"url\":\"https:\\\/\\\/bycloud.fr\\\/solutions\\\/wp-content\\\/uploads\\\/2023\\\/02\\\/signal-2023-02-05-100733_006.png\",\"contentUrl\":\"https:\\\/\\\/bycloud.fr\\\/solutions\\\/wp-content\\\/uploads\\\/2023\\\/02\\\/signal-2023-02-05-100733_006.png\",\"width\":750,\"height\":1334},{\"@type\":\"BreadcrumbList\",\"@id\":\"https:\\\/\\\/bycloud.fr\\\/solutions\\\/synchronisez-votre-carnet-dadresses\\\/#breadcrumb\",\"itemListElement\":[{\"@type\":\"ListItem\",\"position\":1,\"name\":\"Accueil\",\"item\":\"https:\\\/\\\/bycloud.fr\\\/solutions\\\/\"},{\"@type\":\"ListItem\",\"position\":2,\"name\":\"Synchronisez vos contacts\"}]},{\"@type\":\"WebSite\",\"@id\":\"https:\\\/\\\/bycloud.fr\\\/solutions\\\/#website\",\"url\":\"https:\\\/\\\/bycloud.fr\\\/solutions\\\/\",\"name\":\"bycloud.fr\",\"description\":\"Vous aimerez partager en toute intimit\u00e9\",\"potentialAction\":[{\"@type\":\"SearchAction\",\"target\":{\"@type\":\"EntryPoint\",\"urlTemplate\":\"https:\\\/\\\/bycloud.fr\\\/solutions\\\/?s={search_term_string}\"},\"query-input\":{\"@type\":\"PropertyValueSpecification\",\"valueRequired\":true,\"valueName\":\"search_term_string\"}}],\"inLanguage\":\"fr-FR\"}]}<\/script>\n<!-- \/ Yoast SEO plugin. -->","yoast_head_json":{"title":"Synchronisez vos contacts - bYcloud.fr","robots":{"index":"index","follow":"follow","max-snippet":"max-snippet:-1","max-image-preview":"max-image-preview:large","max-video-preview":"max-video-preview:-1"},"canonical":"https:\/\/bycloud.fr\/solutions\/synchronisez-votre-carnet-dadresses\/","og_locale":"fr_FR","og_type":"article","og_title":"Synchronisez vos contacts - bYcloud.fr","og_description":"Synchronisez vos contacts avec bYcloud.fr Je pr\u00e9sente ici comment synchroniser depuis Nextcloud https:\/\/bycloud.fr\/partage . Synchronisez votre agent entre vos outils informatiques (PC Linux, Apple, Windows, Tablettes ainsi que vos T\u00e9l\u00e9phone) et votre Cloud. Tutoriel en cours de r\u00e9alisation, merci de votre compr\u00e9hension. Sur iPhone Depuis votre ic\u00f4ne de \u00ab R\u00e9glages \u00bb aller sur Mail &gt; ...","og_url":"https:\/\/bycloud.fr\/solutions\/synchronisez-votre-carnet-dadresses\/","og_site_name":"bYcloud.fr","article_modified_time":"2023-02-05T10:22:52+00:00","og_image":[{"url":"https:\/\/bycloud.fr\/solutions\/wp-content\/uploads\/2023\/02\/signal-2023-02-05-100733_006-576x1024.png","type":"","width":"","height":""}],"twitter_card":"summary_large_image","twitter_misc":{"Dur\u00e9e de lecture estim\u00e9e":"2 minutes"},"schema":{"@context":"https:\/\/schema.org","@graph":[{"@type":"WebPage","@id":"https:\/\/bycloud.fr\/solutions\/synchronisez-votre-carnet-dadresses\/","url":"https:\/\/bycloud.fr\/solutions\/synchronisez-votre-carnet-dadresses\/","name":"Synchronisez vos contacts - bYcloud.fr","isPartOf":{"@id":"https:\/\/bycloud.fr\/solutions\/#website"},"primaryImageOfPage":{"@id":"https:\/\/bycloud.fr\/solutions\/synchronisez-votre-carnet-dadresses\/#primaryimage"},"image":{"@id":"https:\/\/bycloud.fr\/solutions\/synchronisez-votre-carnet-dadresses\/#primaryimage"},"thumbnailUrl":"https:\/\/bycloud.fr\/solutions\/wp-content\/uploads\/2023\/02\/signal-2023-02-05-100733_006-576x1024.png","datePublished":"2018-08-30T14:48:31+00:00","dateModified":"2023-02-05T10:22:52+00:00","breadcrumb":{"@id":"https:\/\/bycloud.fr\/solutions\/synchronisez-votre-carnet-dadresses\/#breadcrumb"},"inLanguage":"fr-FR","potentialAction":[{"@type":"ReadAction","target":["https:\/\/bycloud.fr\/solutions\/synchronisez-votre-carnet-dadresses\/"]}]},{"@type":"ImageObject","inLanguage":"fr-FR","@id":"https:\/\/bycloud.fr\/solutions\/synchronisez-votre-carnet-dadresses\/#primaryimage","url":"https:\/\/bycloud.fr\/solutions\/wp-content\/uploads\/2023\/02\/signal-2023-02-05-100733_006.png","contentUrl":"https:\/\/bycloud.fr\/solutions\/wp-content\/uploads\/2023\/02\/signal-2023-02-05-100733_006.png","width":750,"height":1334},{"@type":"BreadcrumbList","@id":"https:\/\/bycloud.fr\/solutions\/synchronisez-votre-carnet-dadresses\/#breadcrumb","itemListElement":[{"@type":"ListItem","position":1,"name":"Accueil","item":"https:\/\/bycloud.fr\/solutions\/"},{"@type":"ListItem","position":2,"name":"Synchronisez vos contacts"}]},{"@type":"WebSite","@id":"https:\/\/bycloud.fr\/solutions\/#website","url":"https:\/\/bycloud.fr\/solutions\/","name":"bycloud.fr","description":"Vous aimerez partager en toute intimit\u00e9","potentialAction":[{"@type":"SearchAction","target":{"@type":"EntryPoint","urlTemplate":"https:\/\/bycloud.fr\/solutions\/?s={search_term_string}"},"query-input":{"@type":"PropertyValueSpecification","valueRequired":true,"valueName":"search_term_string"}}],"inLanguage":"fr-FR"}]}},"_links":{"self":[{"href":"https:\/\/bycloud.fr\/solutions\/wp-json\/wp\/v2\/pages\/165","targetHints":{"allow":["GET"]}}],"collection":[{"href":"https:\/\/bycloud.fr\/solutions\/wp-json\/wp\/v2\/pages"}],"about":[{"href":"https:\/\/bycloud.fr\/solutions\/wp-json\/wp\/v2\/types\/page"}],"author":[{"embeddable":true,"href":"https:\/\/bycloud.fr\/solutions\/wp-json\/wp\/v2\/users\/1"}],"replies":[{"embeddable":true,"href":"https:\/\/bycloud.fr\/solutions\/wp-json\/wp\/v2\/comments?post=165"}],"version-history":[{"count":11,"href":"https:\/\/bycloud.fr\/solutions\/wp-json\/wp\/v2\/pages\/165\/revisions"}],"predecessor-version":[{"id":2081,"href":"https:\/\/bycloud.fr\/solutions\/wp-json\/wp\/v2\/pages\/165\/revisions\/2081"}],"wp:attachment":[{"href":"https:\/\/bycloud.fr\/solutions\/wp-json\/wp\/v2\/media?parent=165"}],"curies":[{"name":"wp","href":"https:\/\/api.w.org\/{rel}","templated":true}]}}