{"id":238,"date":"2018-09-29T10:12:15","date_gmt":"2018-09-29T08:12:15","guid":{"rendered":"https:\/\/bycloud.fr\/solutions\/?page_id=238"},"modified":"2021-03-03T00:01:06","modified_gmt":"2021-03-02T23:01:06","slug":"bios-uefi","status":"publish","type":"page","link":"https:\/\/bycloud.fr\/solutions\/alternatives\/bios-uefi\/","title":{"rendered":"BIOS-UEFI"},"content":{"rendered":"<h1>BIOS-UEFI<\/h1>\n<p style=\"text-align: justify;\">Cette page \u00e0 pour vocation de recenser les raccourcis clavier des bios des machines ceci dans le but de d\u00e9marrer sur une clef USB, un CD\/DVD et bien d&rsquo;autres !<\/p>\n<h2>BIOS (d\u00e9finition)<\/h2>\n<p style=\"text-align: justify;\">Le <span class=\"lang-en\" lang=\"en\"><i><b>Basic Input Output System<\/b><\/i><\/span> (<b>BIOS<\/b>, en fran\u00e7ais\u00a0: \u00ab\u00a0syst\u00e8me \u00e9l\u00e9mentaire d&rsquo;entr\u00e9e\/sortie\u00a0\u00bb) est, au sens strict, un ensemble de fonctions, contenu dans la <a title=\"M\u00e9moire morte\" href=\"https:\/\/fr.wikipedia.org\/wiki\/M%C3%A9moire_morte\">m\u00e9moire morte<\/a> (<i>ROM<\/i>) de la <a title=\"Carte m\u00e8re\" href=\"https:\/\/fr.wikipedia.org\/wiki\/Carte_m%C3%A8re\">carte m\u00e8re<\/a> d&rsquo;un <a title=\"Ordinateur\" href=\"https:\/\/fr.wikipedia.org\/wiki\/Ordinateur\">ordinateur<\/a>, lui permettant d&rsquo;effectuer des op\u00e9rations de base lors de sa mise sous tension, par exemple l\u2019identification des p\u00e9riph\u00e9riques d\u2019entr\u00e9e\/sortie connect\u00e9s et la lecture d&rsquo;un <a class=\"mw-redirect\" title=\"Secteur informatique\" href=\"https:\/\/fr.wikipedia.org\/wiki\/Secteur_informatique\">secteur<\/a> sur un <a title=\"Disque dur\" href=\"https:\/\/fr.wikipedia.org\/wiki\/Disque_dur\">disque<\/a>. Par extension, le terme est souvent utilis\u00e9 pour d\u00e9crire l&rsquo;ensemble du <a class=\"mw-redirect\" title=\"Micrologiciel\" href=\"https:\/\/fr.wikipedia.org\/wiki\/Micrologiciel\">micrologiciel<\/a> de la carte m\u00e8re. C&rsquo;est en quelque sorte le centre de contr\u00f4le de la carte m\u00e8re.<br \/>\nSource Wikipedia : https:\/\/fr.wikipedia.org\/wiki\/Basic_Input_Output_System<\/p>\n<h3>Tableau des raccourci pour entrer dans votre BIOS-UEFI<\/h3>\n\n<table id=\"tablepress-1\" class=\"tablepress tablepress-id-1\">\n<thead>\n<tr class=\"row-1\">\n\t<th class=\"column-1\">Marque<\/th><th class=\"column-2\">Mod\u00e8le<\/th><th class=\"column-3\">Version<\/th><th class=\"column-4\">BIOS \/ UEFI<\/th><th class=\"column-5\">Menu Boot<\/th><th class=\"column-6\">Autres<\/th>\n<\/tr>\n<\/thead>\n<tbody class=\"row-striping row-hover\">\n<tr class=\"row-2\">\n\t<td class=\"column-1\">Acer<\/td><td class=\"column-2\">Aspire 6930<\/td><td class=\"column-3\"><\/td><td class=\"column-4\">F2<\/td><td class=\"column-5\">-<\/td><td class=\"column-6\">-<\/td>\n<\/tr>\n<tr class=\"row-3\">\n\t<td class=\"column-1\">Apple<\/td><td class=\"column-2\">MacBookPro<\/td><td class=\"column-3\"><\/td><td class=\"column-4\">Alt<\/td><td class=\"column-5\">-<\/td><td class=\"column-6\">-<\/td>\n<\/tr>\n<tr class=\"row-4\">\n\t<td class=\"column-1\">Aspire<\/td><td class=\"column-2\">ES1-732-C2MR<\/td><td class=\"column-3\"><\/td><td class=\"column-4\">F2<\/td><td class=\"column-5\">F12<\/td><td class=\"column-6\"><\/td>\n<\/tr>\n<tr class=\"row-5\">\n\t<td class=\"column-1\">ASRock<\/td><td class=\"column-2\">H55M Pro<\/td><td class=\"column-3\"><\/td><td class=\"column-4\">F2<\/td><td class=\"column-5\">F11<\/td><td class=\"column-6\">F6 flash<br \/>\nTabulation chgt \u00e9cran<br \/>\n3 bips => erreur RAM<\/td>\n<\/tr>\n<tr class=\"row-6\">\n\t<td class=\"column-1\">Asus<\/td><td class=\"column-2\">AT5NM10-I<\/td><td class=\"column-3\">0502<\/td><td class=\"column-4\">Suppr<\/td><td class=\"column-5\"><\/td><td class=\"column-6\"><\/td>\n<\/tr>\n<tr class=\"row-7\">\n\t<td class=\"column-1\">Asus<\/td><td class=\"column-2\">U30SD-RX037X<\/td><td class=\"column-3\">AMI<\/td><td class=\"column-4\">Suppr<\/td><td class=\"column-5\"><\/td><td class=\"column-6\"><\/td>\n<\/tr>\n<tr class=\"row-8\">\n\t<td class=\"column-1\">Asus<\/td><td class=\"column-2\">X5DIN<\/td><td class=\"column-3\"><\/td><td class=\"column-4\">F2<\/td><td class=\"column-5\"><\/td><td class=\"column-6\"><\/td>\n<\/tr>\n<tr class=\"row-9\">\n\t<td class=\"column-1\">Dell<\/td><td class=\"column-2\">Inspiron mini 10<\/td><td class=\"column-3\">A06<\/td><td class=\"column-4\">F2<\/td><td class=\"column-5\">F12<\/td><td class=\"column-6\">TAG : B313QK1<\/td>\n<\/tr>\n<tr class=\"row-10\">\n\t<td class=\"column-1\">Hewlett Packard<\/td><td class=\"column-2\">Proliant ML110 Gen9<\/td><td class=\"column-3\">P99v2.00<\/td><td class=\"column-4\">F9 System Utilities<\/td><td class=\"column-5\">F11<\/td><td class=\"column-6\">F10 Intelligent Provisioning<br \/>\nF12 Network Boot<\/td>\n<\/tr>\n<tr class=\"row-11\">\n\t<td class=\"column-1\">Intel<\/td><td class=\"column-2\">5000V<\/td><td class=\"column-3\"><\/td><td class=\"column-4\">F2<\/td><td class=\"column-5\"><\/td><td class=\"column-6\">F12 Boot r\u00e9seau<br \/>\nCtrl+A select SCSI<br \/>\nCtrl+E gestion RAID<\/td>\n<\/tr>\n<tr class=\"row-12\">\n\t<td class=\"column-1\">Lenovo<\/td><td class=\"column-2\">G50-45<\/td><td class=\"column-3\"><\/td><td class=\"column-4\">Fn+F2<\/td><td class=\"column-5\"><\/td><td class=\"column-6\"><\/td>\n<\/tr>\n<tr class=\"row-13\">\n\t<td class=\"column-1\">Lenovo<\/td><td class=\"column-2\">T430i<\/td><td class=\"column-3\">G1EAT1WW<\/td><td class=\"column-4\">F1<\/td><td class=\"column-5\">F12<\/td><td class=\"column-6\">F10 outils<\/td>\n<\/tr>\n<tr class=\"row-14\">\n\t<td class=\"column-1\">Lenovo<\/td><td class=\"column-2\">T440<\/td><td class=\"column-3\"><\/td><td class=\"column-4\">F1<\/td><td class=\"column-5\"><\/td><td class=\"column-6\"><\/td>\n<\/tr>\n<tr class=\"row-15\">\n\t<td class=\"column-1\">Packard Bell<\/td><td class=\"column-2\">DOT SE2 300FR<\/td><td class=\"column-3\">3.16<\/td><td class=\"column-4\">F2<\/td><td class=\"column-5\"><\/td><td class=\"column-6\"><\/td>\n<\/tr>\n<tr class=\"row-16\">\n\t<td class=\"column-1\">Thomson<\/td><td class=\"column-2\">NEO14-2-32BS<\/td><td class=\"column-3\"><\/td><td class=\"column-4\">Echap<\/td><td class=\"column-5\"><\/td><td class=\"column-6\"><\/td>\n<\/tr>\n<\/tbody>\n<\/table>\n<!-- #tablepress-1 from cache -->\n\n<table id=\"tablepress-3\" class=\"tablepress tablepress-id-3\">\n<thead>\n<tr class=\"row-1\">\n\t<th class=\"column-1\">Marque<\/th><th class=\"column-2\">Mod\u00e8le<\/th><th class=\"column-3\">Code mat\u00e9riel <\/th><th class=\"column-4\">Nom mat\u00e9riel<\/th><th class=\"column-5\">Drivers<\/th>\n<\/tr>\n<\/thead>\n<tbody class=\"row-striping row-hover\">\n<tr class=\"row-2\">\n\t<td class=\"column-1\">Dell<\/td><td class=\"column-2\">Inspiron Mini 10<\/td><td class=\"column-3\">03:00:0<\/td><td class=\"column-4\">Network controller : Broadcom Limited BCM4312 802.11 b\/g LP\/PHY (rev 01) <\/td><td class=\"column-5\">firmware-b43-installer<\/td>\n<\/tr>\n<tr class=\"row-3\">\n\t<td class=\"column-1\"><\/td><td class=\"column-2\"><\/td><td class=\"column-3\"><\/td><td class=\"column-4\"><\/td><td class=\"column-5\"><\/td>\n<\/tr>\n<tr class=\"row-4\">\n\t<td class=\"column-1\"><\/td><td class=\"column-2\"><\/td><td class=\"column-3\"><\/td><td class=\"column-4\"><\/td><td class=\"column-5\"><\/td>\n<\/tr>\n<tr class=\"row-5\">\n\t<td class=\"column-1\"><\/td><td class=\"column-2\"><\/td><td class=\"column-3\"><\/td><td class=\"column-4\"><\/td><td class=\"column-5\"><\/td>\n<\/tr>\n<\/tbody>\n<\/table>\n<!-- #tablepress-3 from cache -->\n<h2>UEFI (d\u00e9finition)<\/h2>\n<p style=\"text-align: justify;\">Le standard <i><b><span class=\"lang-en\" lang=\"en\">Unified Extensible Firmware Interface<\/span><\/b><\/i> (<b>UEFI<\/b>, en <a title=\"Fran\u00e7ais\" href=\"https:\/\/fr.wikipedia.org\/wiki\/Fran%C3%A7ais\">fran\u00e7ais<\/a> : \u00ab\u00a0Interface micrologiciel extensible unifi\u00e9e\u00a0\u00bb) d\u00e9finit un <a title=\"Logiciel\" href=\"https:\/\/fr.wikipedia.org\/wiki\/Logiciel\">logiciel<\/a> interm\u00e9diaire entre le <a class=\"mw-redirect\" title=\"Micrologiciel\" href=\"https:\/\/fr.wikipedia.org\/wiki\/Micrologiciel\">micrologiciel (<i><span class=\"lang-en\" lang=\"en\">firmware<\/span><\/i>)<\/a> et le <a title=\"Syst\u00e8me d'exploitation\" href=\"https:\/\/fr.wikipedia.org\/wiki\/Syst%C3%A8me_d%27exploitation\">syst\u00e8me d&rsquo;exploitation (OS)<\/a> d&rsquo;un <a title=\"Ordinateur\" href=\"https:\/\/fr.wikipedia.org\/wiki\/Ordinateur\">ordinateur<\/a>. Cette interface succ\u00e8de sur certaines <a title=\"Carte m\u00e8re\" href=\"https:\/\/fr.wikipedia.org\/wiki\/Carte_m%C3%A8re\">cartes-m\u00e8res<\/a> au <a title=\"Basic Input Output System\" href=\"https:\/\/fr.wikipedia.org\/wiki\/Basic_Input_Output_System\">BIOS<\/a>. Elle fait suite \u00e0 EFI (<i><span class=\"lang-en\" lang=\"en\">Extensible Firmware Interface<\/span><\/i>), con\u00e7ue par <a title=\"Intel\" href=\"https:\/\/fr.wikipedia.org\/wiki\/Intel\">Intel<\/a> pour les processeurs <a title=\"Itanium\" href=\"https:\/\/fr.wikipedia.org\/wiki\/Itanium\">Itanium<\/a>.<\/p>\n<p style=\"text-align: justify;\"><a title=\"Advanced Micro Devices\" href=\"https:\/\/fr.wikipedia.org\/wiki\/Advanced_Micro_Devices\">AMD<\/a>, <span class=\"lang-en\" lang=\"en\"><a title=\"American Megatrends\" href=\"https:\/\/fr.wikipedia.org\/wiki\/American_Megatrends\">American Megatrends<\/a><\/span>, <span class=\"lang-en\" lang=\"en\"><a title=\"Apple\" href=\"https:\/\/fr.wikipedia.org\/wiki\/Apple\">Apple<\/a><\/span>, <a title=\"Dell\" href=\"https:\/\/fr.wikipedia.org\/wiki\/Dell\">Dell<\/a>, <a title=\"Hewlett-Packard\" href=\"https:\/\/fr.wikipedia.org\/wiki\/Hewlett-Packard\">HP<\/a>, <a title=\"Intel\" href=\"https:\/\/fr.wikipedia.org\/wiki\/Intel\">Intel<\/a>, <a class=\"mw-redirect\" title=\"International Business Machines Corporation\" href=\"https:\/\/fr.wikipedia.org\/wiki\/International_Business_Machines_Corporation\">IBM<\/a>, Insyde Software, <a title=\"Microsoft\" href=\"https:\/\/fr.wikipedia.org\/wiki\/Microsoft\">Microsoft<\/a> et <span class=\"lang-en\" lang=\"en\"><a title=\"Phoenix Technologies\" href=\"https:\/\/fr.wikipedia.org\/wiki\/Phoenix_Technologies\">Phoenix Technologies<\/a><\/span> sont les promoteurs de l\u2019<i>UEFI Forum <\/i>qui d\u00e9finit cette technologie<sup id=\"cite_ref-1\" class=\"reference\"><a href=\"https:\/\/fr.wikipedia.org\/wiki\/Unified_Extensible_Firmware_Interface#cite_note-1\">1<\/a><\/sup>. L\u2019<i>UEFI Forum<\/i> travaille depuis 2005 sur les sp\u00e9cifications de l&rsquo;UEFI et a publi\u00e9 les premi\u00e8res sp\u00e9cifications officielles de l&rsquo;<span class=\"nowrap\">UEFI 2.0<\/span> au d\u00e9but de 2006. UEFI n&rsquo;est donc pas une <a title=\"Norme et standard techniques\" href=\"https:\/\/fr.wikipedia.org\/wiki\/Norme_et_standard_techniques\">norme<\/a>, mais un standard technique fruit du consensus d&rsquo;un groupe d&rsquo;industriels.<\/p>\n<p style=\"text-align: justify;\">Le standard UEFI est donc amen\u00e9 \u00e0 \u00e9voluer, mais ne fait pas \u00e0 ce jour l&rsquo;unanimit\u00e9 des fabricants de cartes m\u00e8res\u00a0: en 2016, UEFI est bien un standard, mais ne s&rsquo;impose pas encore comme une norme, et plusieurs cartes m\u00e8res ne proposent pas UEFI.<\/p>\n<p style=\"text-align: justify;\">L&rsquo;UEFI offre quelques avantages sur le BIOS\u00a0: fonctionnalit\u00e9s r\u00e9seau en standard, interface graphique de bonne r\u00e9solution, gestion int\u00e9gr\u00e9e d&rsquo;installations multiples de <a title=\"Syst\u00e8me d'exploitation\" href=\"https:\/\/fr.wikipedia.org\/wiki\/Syst%C3%A8me_d%27exploitation\">syst\u00e8mes d\u2019exploitation<\/a> et affranchissement de la limite des disques \u00e0 2,2\u00a0<abbr class=\"abbr\" title=\"t\u00e9raoctet\">To<\/abbr>.<\/p>\n<p style=\"text-align: justify;\">Le BIOS, \u00e9crit en <a title=\"Assembleur\" href=\"https:\/\/fr.wikipedia.org\/wiki\/Assembleur\">assembleur<\/a>, limitait les modifications et\/ou remplacements, gage de s\u00fbret\u00e9 de fonctionnement et de s\u00e9curit\u00e9. L&rsquo;UEFI est \u00e9crit en <a title=\"C (langage)\" href=\"https:\/\/fr.wikipedia.org\/wiki\/C_%28langage%29\">C<\/a>, ce qui rend sa maintenance plus souple et reste acceptable en raison des co\u00fbts d\u00e9croissants de la m\u00e9moire. D\u00e9velopp\u00e9 pour assurer l&rsquo;ind\u00e9pendance entre syst\u00e8me d&rsquo;exploitation et plate-forme mat\u00e9rielle sur laquelle il fonctionne, l&rsquo;UEFI est disponible sur les plates-formes <a title=\"Itanium\" href=\"https:\/\/fr.wikipedia.org\/wiki\/Itanium\">Itanium<\/a> (IA-64), x86 (<span class=\"nowrap\"><span title=\"\">32<\/span> et <span title=\"\">64<\/span>\u00a0<span title=\"\">bits<\/span><\/span>) et <a title=\"Architecture ARM\" href=\"https:\/\/fr.wikipedia.org\/wiki\/Architecture_ARM\">ARM<\/a>.<br \/>\nSource Wikip\u00e9dia : https:\/\/fr.wikipedia.org\/wiki\/Unified_Extensible_Firmware_Interface<\/p>\n","protected":false},"excerpt":{"rendered":"<p>BIOS-UEFI Cette page \u00e0 pour vocation de recenser les raccourcis clavier des bios des machines ceci dans le but de d\u00e9marrer sur une clef USB, un CD\/DVD et bien d&rsquo;autres ! BIOS (d\u00e9finition) Le Basic Input Output System (BIOS, en fran\u00e7ais\u00a0: \u00ab\u00a0syst\u00e8me \u00e9l\u00e9mentaire d&rsquo;entr\u00e9e\/sortie\u00a0\u00bb) est, au sens strict, un ensemble de fonctions, contenu dans la &#8230;<\/p>\n<a href=\"https:\/\/bycloud.fr\/solutions\/alternatives\/bios-uefi\/\" class=\"read-more-link\">Continue reading <span class=\"screen-reader-text\">\"BIOS-UEFI\"<\/span> <span class=\"meta-nav\">&rarr;<\/span><\/a>","protected":false},"author":1,"featured_media":0,"parent":325,"menu_order":0,"comment_status":"closed","ping_status":"closed","template":"","meta":{"footnotes":""},"class_list":["post-238","page","type-page","status-publish","hentry","penguin-post","penguin-post-not-sticky"],"yoast_head":"<!-- This site is optimized with the Yoast SEO plugin v27.4 - https:\/\/yoast.com\/product\/yoast-seo-wordpress\/ -->\n<title>BIOS-UEFI | liste des raccourcis clavier pour entrer dans le BIOS-UEFI<\/title>\n<meta name=\"description\" content=\"Cette page \u00e0 pour vocation de recenser les raccourcis clavier des bios des machines ceci dans le but de d\u00e9marrer sur une clef USB, un CD\/DVD et bien d&#039;autre\" \/>\n<meta name=\"robots\" content=\"index, follow, max-snippet:-1, max-image-preview:large, max-video-preview:-1\" \/>\n<link rel=\"canonical\" href=\"https:\/\/bycloud.fr\/solutions\/alternatives\/bios-uefi\/\" \/>\n<meta property=\"og:locale\" content=\"fr_FR\" \/>\n<meta property=\"og:type\" content=\"article\" \/>\n<meta property=\"og:title\" content=\"BIOS-UEFI | liste des raccourcis clavier pour entrer dans le BIOS-UEFI\" \/>\n<meta property=\"og:description\" content=\"Cette page \u00e0 pour vocation de recenser les raccourcis clavier des bios des machines ceci dans le but de d\u00e9marrer sur une clef USB, un CD\/DVD et bien d&#039;autre\" \/>\n<meta property=\"og:url\" content=\"https:\/\/bycloud.fr\/solutions\/alternatives\/bios-uefi\/\" \/>\n<meta property=\"og:site_name\" content=\"bYcloud.fr\" \/>\n<meta property=\"article:modified_time\" content=\"2021-03-02T23:01:06+00:00\" \/>\n<meta name=\"twitter:card\" content=\"summary_large_image\" \/>\n<meta name=\"twitter:label1\" content=\"Dur\u00e9e de lecture estim\u00e9e\" \/>\n\t<meta name=\"twitter:data1\" content=\"2 minutes\" \/>\n<script type=\"application\/ld+json\" class=\"yoast-schema-graph\">{\"@context\":\"https:\\\/\\\/schema.org\",\"@graph\":[{\"@type\":\"WebPage\",\"@id\":\"https:\\\/\\\/bycloud.fr\\\/solutions\\\/alternatives\\\/bios-uefi\\\/\",\"url\":\"https:\\\/\\\/bycloud.fr\\\/solutions\\\/alternatives\\\/bios-uefi\\\/\",\"name\":\"BIOS-UEFI | liste des raccourcis clavier pour entrer dans le BIOS-UEFI\",\"isPartOf\":{\"@id\":\"https:\\\/\\\/bycloud.fr\\\/solutions\\\/#website\"},\"datePublished\":\"2018-09-29T08:12:15+00:00\",\"dateModified\":\"2021-03-02T23:01:06+00:00\",\"description\":\"Cette page \u00e0 pour vocation de recenser les raccourcis clavier des bios des machines ceci dans le but de d\u00e9marrer sur une clef USB, un CD\\\/DVD et bien d'autre\",\"breadcrumb\":{\"@id\":\"https:\\\/\\\/bycloud.fr\\\/solutions\\\/alternatives\\\/bios-uefi\\\/#breadcrumb\"},\"inLanguage\":\"fr-FR\",\"potentialAction\":[{\"@type\":\"ReadAction\",\"target\":[\"https:\\\/\\\/bycloud.fr\\\/solutions\\\/alternatives\\\/bios-uefi\\\/\"]}]},{\"@type\":\"BreadcrumbList\",\"@id\":\"https:\\\/\\\/bycloud.fr\\\/solutions\\\/alternatives\\\/bios-uefi\\\/#breadcrumb\",\"itemListElement\":[{\"@type\":\"ListItem\",\"position\":1,\"name\":\"Accueil\",\"item\":\"https:\\\/\\\/bycloud.fr\\\/solutions\\\/\"},{\"@type\":\"ListItem\",\"position\":2,\"name\":\"AlternativeS\",\"item\":\"https:\\\/\\\/bycloud.fr\\\/solutions\\\/alternatives\\\/\"},{\"@type\":\"ListItem\",\"position\":3,\"name\":\"BIOS-UEFI\"}]},{\"@type\":\"WebSite\",\"@id\":\"https:\\\/\\\/bycloud.fr\\\/solutions\\\/#website\",\"url\":\"https:\\\/\\\/bycloud.fr\\\/solutions\\\/\",\"name\":\"bycloud.fr\",\"description\":\"Vous aimerez partager en toute intimit\u00e9\",\"potentialAction\":[{\"@type\":\"SearchAction\",\"target\":{\"@type\":\"EntryPoint\",\"urlTemplate\":\"https:\\\/\\\/bycloud.fr\\\/solutions\\\/?s={search_term_string}\"},\"query-input\":{\"@type\":\"PropertyValueSpecification\",\"valueRequired\":true,\"valueName\":\"search_term_string\"}}],\"inLanguage\":\"fr-FR\"}]}<\/script>\n<!-- \/ Yoast SEO plugin. -->","yoast_head_json":{"title":"BIOS-UEFI | liste des raccourcis clavier pour entrer dans le BIOS-UEFI","description":"Cette page \u00e0 pour vocation de recenser les raccourcis clavier des bios des machines ceci dans le but de d\u00e9marrer sur une clef USB, un CD\/DVD et bien d'autre","robots":{"index":"index","follow":"follow","max-snippet":"max-snippet:-1","max-image-preview":"max-image-preview:large","max-video-preview":"max-video-preview:-1"},"canonical":"https:\/\/bycloud.fr\/solutions\/alternatives\/bios-uefi\/","og_locale":"fr_FR","og_type":"article","og_title":"BIOS-UEFI | liste des raccourcis clavier pour entrer dans le BIOS-UEFI","og_description":"Cette page \u00e0 pour vocation de recenser les raccourcis clavier des bios des machines ceci dans le but de d\u00e9marrer sur une clef USB, un CD\/DVD et bien d'autre","og_url":"https:\/\/bycloud.fr\/solutions\/alternatives\/bios-uefi\/","og_site_name":"bYcloud.fr","article_modified_time":"2021-03-02T23:01:06+00:00","twitter_card":"summary_large_image","twitter_misc":{"Dur\u00e9e de lecture estim\u00e9e":"2 minutes"},"schema":{"@context":"https:\/\/schema.org","@graph":[{"@type":"WebPage","@id":"https:\/\/bycloud.fr\/solutions\/alternatives\/bios-uefi\/","url":"https:\/\/bycloud.fr\/solutions\/alternatives\/bios-uefi\/","name":"BIOS-UEFI | liste des raccourcis clavier pour entrer dans le BIOS-UEFI","isPartOf":{"@id":"https:\/\/bycloud.fr\/solutions\/#website"},"datePublished":"2018-09-29T08:12:15+00:00","dateModified":"2021-03-02T23:01:06+00:00","description":"Cette page \u00e0 pour vocation de recenser les raccourcis clavier des bios des machines ceci dans le but de d\u00e9marrer sur une clef USB, un CD\/DVD et bien d'autre","breadcrumb":{"@id":"https:\/\/bycloud.fr\/solutions\/alternatives\/bios-uefi\/#breadcrumb"},"inLanguage":"fr-FR","potentialAction":[{"@type":"ReadAction","target":["https:\/\/bycloud.fr\/solutions\/alternatives\/bios-uefi\/"]}]},{"@type":"BreadcrumbList","@id":"https:\/\/bycloud.fr\/solutions\/alternatives\/bios-uefi\/#breadcrumb","itemListElement":[{"@type":"ListItem","position":1,"name":"Accueil","item":"https:\/\/bycloud.fr\/solutions\/"},{"@type":"ListItem","position":2,"name":"AlternativeS","item":"https:\/\/bycloud.fr\/solutions\/alternatives\/"},{"@type":"ListItem","position":3,"name":"BIOS-UEFI"}]},{"@type":"WebSite","@id":"https:\/\/bycloud.fr\/solutions\/#website","url":"https:\/\/bycloud.fr\/solutions\/","name":"bycloud.fr","description":"Vous aimerez partager en toute intimit\u00e9","potentialAction":[{"@type":"SearchAction","target":{"@type":"EntryPoint","urlTemplate":"https:\/\/bycloud.fr\/solutions\/?s={search_term_string}"},"query-input":{"@type":"PropertyValueSpecification","valueRequired":true,"valueName":"search_term_string"}}],"inLanguage":"fr-FR"}]}},"_links":{"self":[{"href":"https:\/\/bycloud.fr\/solutions\/wp-json\/wp\/v2\/pages\/238","targetHints":{"allow":["GET"]}}],"collection":[{"href":"https:\/\/bycloud.fr\/solutions\/wp-json\/wp\/v2\/pages"}],"about":[{"href":"https:\/\/bycloud.fr\/solutions\/wp-json\/wp\/v2\/types\/page"}],"author":[{"embeddable":true,"href":"https:\/\/bycloud.fr\/solutions\/wp-json\/wp\/v2\/users\/1"}],"replies":[{"embeddable":true,"href":"https:\/\/bycloud.fr\/solutions\/wp-json\/wp\/v2\/comments?post=238"}],"version-history":[{"count":12,"href":"https:\/\/bycloud.fr\/solutions\/wp-json\/wp\/v2\/pages\/238\/revisions"}],"predecessor-version":[{"id":1989,"href":"https:\/\/bycloud.fr\/solutions\/wp-json\/wp\/v2\/pages\/238\/revisions\/1989"}],"up":[{"embeddable":true,"href":"https:\/\/bycloud.fr\/solutions\/wp-json\/wp\/v2\/pages\/325"}],"wp:attachment":[{"href":"https:\/\/bycloud.fr\/solutions\/wp-json\/wp\/v2\/media?parent=238"}],"curies":[{"name":"wp","href":"https:\/\/api.w.org\/{rel}","templated":true}]}}