{"id":278,"date":"2018-10-19T11:07:32","date_gmt":"2018-10-19T09:07:32","guid":{"rendered":"https:\/\/bycloud.fr\/solutions\/?page_id=278"},"modified":"2019-12-05T17:40:48","modified_gmt":"2019-12-05T16:40:48","slug":"contact","status":"publish","type":"page","link":"https:\/\/bycloud.fr\/solutions\/contact\/","title":{"rendered":"contact"},"content":{"rendered":"<p>Vous avez une question, une proposition, besoin d&rsquo;une information quelconque au sujet des services propos\u00e9s par bYcloud.fr ?<br \/>Nous vous invitons \u00e0 utiliser le formulaire ci-apr\u00e8s :<\/p>\n\n<div class=\"wpcf7 no-js\" id=\"wpcf7-f234-o1\" lang=\"fr-FR\" dir=\"ltr\" data-wpcf7-id=\"234\">\n<div class=\"screen-reader-response\"><p role=\"status\" aria-live=\"polite\" aria-atomic=\"true\"><\/p> <ul><\/ul><\/div>\n<form action=\"\/solutions\/wp-json\/wp\/v2\/pages\/278#wpcf7-f234-o1\" method=\"post\" class=\"wpcf7-form init\" aria-label=\"Formulaire de contact\" novalidate=\"novalidate\" data-status=\"init\">\n<fieldset class=\"hidden-fields-container\"><input type=\"hidden\" name=\"_wpcf7\" value=\"234\" \/><input type=\"hidden\" name=\"_wpcf7_version\" value=\"6.1.5\" \/><input type=\"hidden\" name=\"_wpcf7_locale\" value=\"fr_FR\" \/><input type=\"hidden\" name=\"_wpcf7_unit_tag\" value=\"wpcf7-f234-o1\" \/><input type=\"hidden\" name=\"_wpcf7_container_post\" value=\"0\" \/><input type=\"hidden\" name=\"_wpcf7_posted_data_hash\" value=\"\" \/>\n<\/fieldset>\n<p><label> Votre pr\u00e9nom<br \/>\n<span class=\"wpcf7-form-control-wrap\" data-name=\"your-first-name\"><input size=\"40\" maxlength=\"400\" class=\"wpcf7-form-control wpcf7-text\" aria-invalid=\"false\" value=\"\" type=\"text\" name=\"your-first-name\" \/><\/span> <\/label>\n<\/p>\n<p><label> Votre nom ou pseudo (obligatoire)<br \/>\n<span class=\"wpcf7-form-control-wrap\" data-name=\"your-name\"><input size=\"40\" maxlength=\"400\" class=\"wpcf7-form-control wpcf7-text wpcf7-validates-as-required\" aria-required=\"true\" aria-invalid=\"false\" value=\"\" type=\"text\" name=\"your-name\" \/><\/span> <\/label>\n<\/p>\n<p><label> Votre adresse de messagerie (obligatoire)<br \/>\n<span class=\"wpcf7-form-control-wrap\" data-name=\"your-email\"><input size=\"40\" maxlength=\"400\" class=\"wpcf7-form-control wpcf7-email wpcf7-validates-as-required wpcf7-text wpcf7-validates-as-email\" aria-required=\"true\" aria-invalid=\"false\" value=\"\" type=\"email\" name=\"your-email\" \/><\/span> <\/label>\n<\/p>\n<p><label> Objet<br \/>\n<span class=\"wpcf7-form-control-wrap\" data-name=\"your-subject\"><input size=\"40\" maxlength=\"400\" class=\"wpcf7-form-control wpcf7-text\" aria-invalid=\"false\" value=\"\" type=\"text\" name=\"your-subject\" \/><\/span> <\/label>\n<\/p>\n<p><label> Votre message<br \/>\n<span class=\"wpcf7-form-control-wrap\" data-name=\"your-message\"><textarea cols=\"40\" rows=\"10\" maxlength=\"2000\" class=\"wpcf7-form-control wpcf7-textarea\" aria-invalid=\"false\" name=\"your-message\"><\/textarea><\/span> <\/label><br \/>\n<span class=\"wpcf7-form-control-wrap\" data-name=\"quiz-66\"><label><span class=\"wpcf7-quiz-label\">Pour valider, merci de r\u00e9soudre ce calcul : 7 + 6 =<\/span> <input size=\"40\" class=\"wpcf7-form-control wpcf7-quiz\" autocomplete=\"off\" aria-required=\"true\" aria-invalid=\"false\" type=\"text\" name=\"quiz-66\" \/><\/label><input type=\"hidden\" name=\"_wpcf7_quiz_answer_quiz-66\" value=\"fa042455804813bc4a8f2e1d8139c5c8\" \/><\/span><br \/>\n<input class=\"wpcf7-form-control wpcf7-submit has-spinner\" type=\"submit\" value=\"Envoyer\" \/>\n<\/p><p style=\"display: none !important;\" class=\"akismet-fields-container\" data-prefix=\"_wpcf7_ak_\"><label>&#916;<textarea name=\"_wpcf7_ak_hp_textarea\" cols=\"45\" rows=\"8\" maxlength=\"100\"><\/textarea><\/label><input type=\"hidden\" id=\"ak_js_1\" name=\"_wpcf7_ak_js\" value=\"248\"\/><script>document.getElementById( \"ak_js_1\" ).setAttribute( \"value\", ( new Date() ).getTime() );<\/script><\/p><div class=\"wpcf7-response-output\" aria-hidden=\"true\"><\/div>\n<\/form>\n<\/div>\n\n<div id=\"lmm_49833be3\" style=\"width:640px;\" class=\"mapsmarker markermap marker-1\">\n<div id=\"lmm_panel_49833be3\" class=\"lmm-panel\" style=\"background:#efefef;\">\n<div id=\"lmm_panel_api_49833be3\" class=\"lmm-panel-api\"><a href=\"https:\/\/maps.google.com\/maps?daddr=45.752354,4.855973&amp;t=m&amp;layer=1&amp;doflg=ptk&amp;om=0\" target=\"_blank\" title=\"Obtenir l&#039;itin\u00e9raire\"><img loading=\"lazy\" decoding=\"async\" alt=\"icon-car.png\" src=\"https:\/\/bycloud.fr\/solutions\/wp-content\/plugins\/leaflet-maps-marker\/inc\/img\/icon-car.png\" width=\"14\" height=\"14\" class=\"lmm-panel-api-images\" \/><\/a><\/div><div id=\"lmm_panel_text_49833be3\" class=\"lmm-panel-text\" style=\"font-weight:bold;color:#373737;\">Ycloud.fr<\/div><\/div>\n<div id=\"lmm_map_49833be3\" class=\"lmm-map\" style=\"background:#f6f6f6;border:1px solid #ccc;height:480px; overflow:hidden;padding:0;\"><p style=\"font-size:80%;color:#9f9e9e;margin-left:5px;\">chargement de la carte - veuillez patienter...<noscript><br\/><strong>La carte ne peut \u00eatre charg\u00e9e - s'il vous pla\u00eet activer Javascript !<\/strong><br\/><a style=\"text-decoration:none;\" href=\"https:\/\/www.mapsmarker.com\/js-disabled\" target=\"_blank\">&rarr; plus dginformations<\/a><\/noscript><\/p><\/div>\n<div id=\"lmm_geo_tags_49833be3\" class=\"lmm-geo-tags geo\">\n<span class=\"paneltext\">Ycloud.fr<\/span>\n<span class=\"latitude\">45.752354<\/span>, <span class=\"longitude\">4.855973<\/span>\n<span class=\"popuptext\"><\/span>\n<\/div>\n<\/div>\n<div id=\"lmm_f1c6b6ff\" style=\"width:640px;\" class=\"mapsmarker markermap marker-2\">\n<div id=\"lmm_panel_f1c6b6ff\" class=\"lmm-panel\" style=\"background:#efefef;\">\n<div id=\"lmm_panel_api_f1c6b6ff\" class=\"lmm-panel-api\"><a href=\"https:\/\/maps.google.com\/maps?daddr=45.472218,4.507148&amp;t=m&amp;layer=1&amp;doflg=ptk&amp;om=0\" target=\"_blank\" title=\"Obtenir l&#039;itin\u00e9raire\"><img loading=\"lazy\" decoding=\"async\" alt=\"icon-car.png\" src=\"https:\/\/bycloud.fr\/solutions\/wp-content\/plugins\/leaflet-maps-marker\/inc\/img\/icon-car.png\" width=\"14\" height=\"14\" class=\"lmm-panel-api-images\" \/><\/a><\/div><div id=\"lmm_panel_text_f1c6b6ff\" class=\"lmm-panel-text\" style=\"font-weight:bold;color:#373737;\">bYcloud.fr \u00e0 Saint-Chamond<\/div><\/div>\n<div id=\"lmm_map_f1c6b6ff\" class=\"lmm-map\" style=\"background:#f6f6f6;border:1px solid #ccc;height:480px; overflow:hidden;padding:0;\"><p style=\"font-size:80%;color:#9f9e9e;margin-left:5px;\">chargement de la carte - veuillez patienter...<noscript><br\/><strong>La carte ne peut \u00eatre charg\u00e9e - s'il vous pla\u00eet activer Javascript !<\/strong><br\/><a style=\"text-decoration:none;\" href=\"https:\/\/www.mapsmarker.com\/js-disabled\" target=\"_blank\">&rarr; plus dginformations<\/a><\/noscript><\/p><\/div>\n<div id=\"lmm_geo_tags_f1c6b6ff\" class=\"lmm-geo-tags geo\">\n<span class=\"paneltext\">bYcloud.fr \u00e0 Saint-Chamond<\/span>\n<span class=\"latitude\">45.472218<\/span>, <span class=\"longitude\">4.507148<\/span>\n<span class=\"popuptext\"><\/span>\n<\/div>\n<\/div>\n<p>\u00a0<\/p>\n\n\n<p>Vous pouvez installer <a rel=\"noreferrer noopener\" aria-label=\"Bacode Scanner (s\u2019ouvre dans un nouvel onglet)\" href=\"https:\/\/f-droid.org\/fr\/packages\/com.google.zxing.client.android\/\" target=\"_blank\">Bacode Scanner<\/a> sur votre t\u00e9l\u00e9phone Android pour lire diff\u00e9rents formats de codes barres dont les QR-Codes. <\/p>\n\n\n\n<p class=\"has-text-align-center\">Flasher le QR-Code ci-apr\u00e8s ajoute mes coordonn\u00e9es dans votre t\u00e9l\u00e9phone<\/p>\n\n\n\n<div class=\"wp-block-image is-style-default\"><figure class=\"aligncenter size-medium is-resized\"><img loading=\"lazy\" decoding=\"async\" src=\"https:\/\/bycloud.fr\/solutions\/wp-content\/uploads\/2019\/12\/bycloud.fr_v02-300x300.png\" alt=\"Coordonn\u00e9es de St\u00e9phane\" class=\"wp-image-963\" width=\"225\" height=\"225\" srcset=\"https:\/\/bycloud.fr\/solutions\/wp-content\/uploads\/2019\/12\/bycloud.fr_v02.png 300w, https:\/\/bycloud.fr\/solutions\/wp-content\/uploads\/2019\/12\/bycloud.fr_v02-150x150.png 150w\" sizes=\"auto, (max-width: 599px) calc(100vw - 50px), (max-width: 767px) calc(100vw - 70px), (max-width: 991px) 429px, (max-width: 1199px) 637px, 354px\" \/><figcaption>carte de visite bYcloud<\/figcaption><\/figure><\/div>\n","protected":false},"excerpt":{"rendered":"<p>Vous avez une question, une proposition, besoin d&rsquo;une information quelconque au sujet des services propos\u00e9s par bYcloud.fr ?Nous vous invitons \u00e0 utiliser le formulaire ci-apr\u00e8s : \u00a0 Vous pouvez installer Bacode Scanner sur votre t\u00e9l\u00e9phone Android pour lire diff\u00e9rents formats de codes barres dont les QR-Codes. Flasher le QR-Code ci-apr\u00e8s ajoute mes coordonn\u00e9es dans votre &#8230;<\/p>\n<a href=\"https:\/\/bycloud.fr\/solutions\/contact\/\" class=\"read-more-link\">Continue reading <span class=\"screen-reader-text\">\"contact\"<\/span> <span class=\"meta-nav\">&rarr;<\/span><\/a>","protected":false},"author":1,"featured_media":0,"parent":0,"menu_order":0,"comment_status":"closed","ping_status":"closed","template":"","meta":{"footnotes":""},"class_list":["post-278","page","type-page","status-publish","hentry","penguin-post","penguin-post-not-sticky"],"yoast_head":"<!-- This site is optimized with the Yoast SEO plugin v27.4 - https:\/\/yoast.com\/product\/yoast-seo-wordpress\/ -->\n<title>Contact | bYcloud.fr +33 953 140 600 \/ +33 769 033 755<\/title>\n<meta name=\"description\" content=\"Contact | bYcloud.fr +33 953 140 600 \/ +33 604 135 029 Formulaire de contact avec bYcloud.fr\" \/>\n<meta name=\"robots\" content=\"index, follow, max-snippet:-1, max-image-preview:large, max-video-preview:-1\" \/>\n<link rel=\"canonical\" href=\"https:\/\/bycloud.fr\/solutions\/contact\/\" \/>\n<meta property=\"og:locale\" content=\"fr_FR\" \/>\n<meta property=\"og:type\" content=\"article\" \/>\n<meta property=\"og:title\" content=\"Contact | bYcloud.fr +33 953 140 600 \/ +33 769 033 755\" \/>\n<meta property=\"og:description\" content=\"Contact | bYcloud.fr +33 953 140 600 \/ +33 604 135 029 Formulaire de contact avec bYcloud.fr\" \/>\n<meta property=\"og:url\" content=\"https:\/\/bycloud.fr\/solutions\/contact\/\" \/>\n<meta property=\"og:site_name\" content=\"bYcloud.fr\" \/>\n<meta property=\"article:modified_time\" content=\"2019-12-05T16:40:48+00:00\" \/>\n<meta property=\"og:image\" content=\"https:\/\/bycloud.fr\/solutions\/wp-content\/uploads\/2019\/12\/bycloud.fr_v02-300x300.png\" \/>\n<meta name=\"twitter:card\" content=\"summary_large_image\" \/>\n<script type=\"application\/ld+json\" class=\"yoast-schema-graph\">{\"@context\":\"https:\\\/\\\/schema.org\",\"@graph\":[{\"@type\":\"WebPage\",\"@id\":\"https:\\\/\\\/bycloud.fr\\\/solutions\\\/contact\\\/\",\"url\":\"https:\\\/\\\/bycloud.fr\\\/solutions\\\/contact\\\/\",\"name\":\"Contact | bYcloud.fr +33 953 140 600 \\\/ +33 769 033 755\",\"isPartOf\":{\"@id\":\"https:\\\/\\\/bycloud.fr\\\/solutions\\\/#website\"},\"primaryImageOfPage\":{\"@id\":\"https:\\\/\\\/bycloud.fr\\\/solutions\\\/contact\\\/#primaryimage\"},\"image\":{\"@id\":\"https:\\\/\\\/bycloud.fr\\\/solutions\\\/contact\\\/#primaryimage\"},\"thumbnailUrl\":\"https:\\\/\\\/bycloud.fr\\\/solutions\\\/wp-content\\\/uploads\\\/2019\\\/12\\\/bycloud.fr_v02-300x300.png\",\"datePublished\":\"2018-10-19T09:07:32+00:00\",\"dateModified\":\"2019-12-05T16:40:48+00:00\",\"description\":\"Contact | bYcloud.fr +33 953 140 600 \\\/ +33 604 135 029 Formulaire de contact avec bYcloud.fr\",\"breadcrumb\":{\"@id\":\"https:\\\/\\\/bycloud.fr\\\/solutions\\\/contact\\\/#breadcrumb\"},\"inLanguage\":\"fr-FR\",\"potentialAction\":[{\"@type\":\"ReadAction\",\"target\":[\"https:\\\/\\\/bycloud.fr\\\/solutions\\\/contact\\\/\"]}]},{\"@type\":\"ImageObject\",\"inLanguage\":\"fr-FR\",\"@id\":\"https:\\\/\\\/bycloud.fr\\\/solutions\\\/contact\\\/#primaryimage\",\"url\":\"https:\\\/\\\/bycloud.fr\\\/solutions\\\/wp-content\\\/uploads\\\/2019\\\/12\\\/bycloud.fr_v02.png\",\"contentUrl\":\"https:\\\/\\\/bycloud.fr\\\/solutions\\\/wp-content\\\/uploads\\\/2019\\\/12\\\/bycloud.fr_v02.png\",\"width\":300,\"height\":300},{\"@type\":\"BreadcrumbList\",\"@id\":\"https:\\\/\\\/bycloud.fr\\\/solutions\\\/contact\\\/#breadcrumb\",\"itemListElement\":[{\"@type\":\"ListItem\",\"position\":1,\"name\":\"Accueil\",\"item\":\"https:\\\/\\\/bycloud.fr\\\/solutions\\\/\"},{\"@type\":\"ListItem\",\"position\":2,\"name\":\"contact\"}]},{\"@type\":\"WebSite\",\"@id\":\"https:\\\/\\\/bycloud.fr\\\/solutions\\\/#website\",\"url\":\"https:\\\/\\\/bycloud.fr\\\/solutions\\\/\",\"name\":\"bycloud.fr\",\"description\":\"Vous aimerez partager en toute intimit\u00e9\",\"potentialAction\":[{\"@type\":\"SearchAction\",\"target\":{\"@type\":\"EntryPoint\",\"urlTemplate\":\"https:\\\/\\\/bycloud.fr\\\/solutions\\\/?s={search_term_string}\"},\"query-input\":{\"@type\":\"PropertyValueSpecification\",\"valueRequired\":true,\"valueName\":\"search_term_string\"}}],\"inLanguage\":\"fr-FR\"}]}<\/script>\n<!-- \/ Yoast SEO plugin. -->","yoast_head_json":{"title":"Contact | bYcloud.fr +33 953 140 600 \/ +33 769 033 755","description":"Contact | bYcloud.fr +33 953 140 600 \/ +33 604 135 029 Formulaire de contact avec bYcloud.fr","robots":{"index":"index","follow":"follow","max-snippet":"max-snippet:-1","max-image-preview":"max-image-preview:large","max-video-preview":"max-video-preview:-1"},"canonical":"https:\/\/bycloud.fr\/solutions\/contact\/","og_locale":"fr_FR","og_type":"article","og_title":"Contact | bYcloud.fr +33 953 140 600 \/ +33 769 033 755","og_description":"Contact | bYcloud.fr +33 953 140 600 \/ +33 604 135 029 Formulaire de contact avec bYcloud.fr","og_url":"https:\/\/bycloud.fr\/solutions\/contact\/","og_site_name":"bYcloud.fr","article_modified_time":"2019-12-05T16:40:48+00:00","og_image":[{"url":"https:\/\/bycloud.fr\/solutions\/wp-content\/uploads\/2019\/12\/bycloud.fr_v02-300x300.png","type":"","width":"","height":""}],"twitter_card":"summary_large_image","schema":{"@context":"https:\/\/schema.org","@graph":[{"@type":"WebPage","@id":"https:\/\/bycloud.fr\/solutions\/contact\/","url":"https:\/\/bycloud.fr\/solutions\/contact\/","name":"Contact | bYcloud.fr +33 953 140 600 \/ +33 769 033 755","isPartOf":{"@id":"https:\/\/bycloud.fr\/solutions\/#website"},"primaryImageOfPage":{"@id":"https:\/\/bycloud.fr\/solutions\/contact\/#primaryimage"},"image":{"@id":"https:\/\/bycloud.fr\/solutions\/contact\/#primaryimage"},"thumbnailUrl":"https:\/\/bycloud.fr\/solutions\/wp-content\/uploads\/2019\/12\/bycloud.fr_v02-300x300.png","datePublished":"2018-10-19T09:07:32+00:00","dateModified":"2019-12-05T16:40:48+00:00","description":"Contact | bYcloud.fr +33 953 140 600 \/ +33 604 135 029 Formulaire de contact avec bYcloud.fr","breadcrumb":{"@id":"https:\/\/bycloud.fr\/solutions\/contact\/#breadcrumb"},"inLanguage":"fr-FR","potentialAction":[{"@type":"ReadAction","target":["https:\/\/bycloud.fr\/solutions\/contact\/"]}]},{"@type":"ImageObject","inLanguage":"fr-FR","@id":"https:\/\/bycloud.fr\/solutions\/contact\/#primaryimage","url":"https:\/\/bycloud.fr\/solutions\/wp-content\/uploads\/2019\/12\/bycloud.fr_v02.png","contentUrl":"https:\/\/bycloud.fr\/solutions\/wp-content\/uploads\/2019\/12\/bycloud.fr_v02.png","width":300,"height":300},{"@type":"BreadcrumbList","@id":"https:\/\/bycloud.fr\/solutions\/contact\/#breadcrumb","itemListElement":[{"@type":"ListItem","position":1,"name":"Accueil","item":"https:\/\/bycloud.fr\/solutions\/"},{"@type":"ListItem","position":2,"name":"contact"}]},{"@type":"WebSite","@id":"https:\/\/bycloud.fr\/solutions\/#website","url":"https:\/\/bycloud.fr\/solutions\/","name":"bycloud.fr","description":"Vous aimerez partager en toute intimit\u00e9","potentialAction":[{"@type":"SearchAction","target":{"@type":"EntryPoint","urlTemplate":"https:\/\/bycloud.fr\/solutions\/?s={search_term_string}"},"query-input":{"@type":"PropertyValueSpecification","valueRequired":true,"valueName":"search_term_string"}}],"inLanguage":"fr-FR"}]}},"_links":{"self":[{"href":"https:\/\/bycloud.fr\/solutions\/wp-json\/wp\/v2\/pages\/278","targetHints":{"allow":["GET"]}}],"collection":[{"href":"https:\/\/bycloud.fr\/solutions\/wp-json\/wp\/v2\/pages"}],"about":[{"href":"https:\/\/bycloud.fr\/solutions\/wp-json\/wp\/v2\/types\/page"}],"author":[{"embeddable":true,"href":"https:\/\/bycloud.fr\/solutions\/wp-json\/wp\/v2\/users\/1"}],"replies":[{"embeddable":true,"href":"https:\/\/bycloud.fr\/solutions\/wp-json\/wp\/v2\/comments?post=278"}],"version-history":[{"count":20,"href":"https:\/\/bycloud.fr\/solutions\/wp-json\/wp\/v2\/pages\/278\/revisions"}],"predecessor-version":[{"id":981,"href":"https:\/\/bycloud.fr\/solutions\/wp-json\/wp\/v2\/pages\/278\/revisions\/981"}],"wp:attachment":[{"href":"https:\/\/bycloud.fr\/solutions\/wp-json\/wp\/v2\/media?parent=278"}],"curies":[{"name":"wp","href":"https:\/\/api.w.org\/{rel}","templated":true}]}}